d 144.
72
What is the highest common divisor of 256 and 20?
4
Calculate the greatest common divisor of 1040 and 13.
13
What is the highest common factor of 240 and 5840?
80
What is the greatest common divisor of 275 and 165?
55
Calculate the highest common factor of 250 and 140750.
250
What is the greatest common factor of 170 and 70?
10
Calculate the greatest common factor of 5720 and 165.
55
What is the greatest common divisor of 1026 and 216?
54
Calculate the greatest common factor of 325 and 125.
25
What is the greatest common divisor of 17 and 17?
17
What is the highest common divisor of 64 and 40?
8
Calculate the highest common divisor of 1548 and 43.
43
Calculate the highest common factor of 235 and 188.
47
Calculate the highest common divisor of 4500 and 75.
75
Calculate the highest common divisor of 1096 and 8.
8
Calculate the greatest common factor of 928 and 986.
58
Calculate the highest common factor of 34 and 17.
17
Calculate the greatest common factor of 2544 and 1431.
159
Calculate the greatest common factor of 2210 and 34.
34
Calculate the greatest common factor of 141 and 329.
47
What is the greatest common divisor of 330 and 858?
66
What is the greatest common factor of 39 and 96?
3
Calculate the highest common divisor of 8484 and 924.
84
Calculate the highest common divisor of 621 and 1035.
207
What is the greatest common factor of 30 and 36?
6
Calculate the greatest common factor of 1298 and 590.
118
Calculate the highest common factor of 44605 and 55.
55
Calculate the greatest common divisor of 22746 and 34.
34
Calculate the greatest common divisor of 6575 and 25.
25
Calculate the highest common divisor of 4396 and 224.
28
Calculate the highest common factor of 275 and 77.
11
Calculate the greatest common divisor of 77 and 119.
7
Calculate the greatest common divisor of 255 and 1224.
51
What is the highest common factor of 1442 and 14?
14
What is the greatest common divisor of 475 and 700?
25
Calculate the highest common divisor of 2 and 62.
2
Calculate the greatest common divisor of 690 and 30.
30
Calculate the highest common factor of 2292 and 24.
12
Calculate the highest common divisor of 13 and 715.
13
Calculate the highest common divisor of 4 and 964.
4
Calculate the greatest common factor of 29976 and 24.
24
Calculate the greatest common divisor of 310 and 496.
62
What is the highest common factor of 4606 and 188?
94
What is the highest common factor of 4 and 31796?
4
Calculate the greatest common divisor of 320 and 260.
20
What is the greatest common divisor of 323 and 893?
19
Calculate the highest common factor of 3082 and 46.
46
What is the highest common factor of 4607 and 255?
17
Calculate the greatest common divisor of 26230 and 430.
430
What is the greatest common factor of 324 and 840?
12
Calculate the greatest common factor of 104 and 2314.
26
What is the greatest common factor of 1636 and 12?
4
What is the highest common divisor of 2 and 118?
2
What is the highest common divisor of 9 and 2?
1
What is the highest common factor of 231 and 24?
3
Calculate the greatest common divisor of 469 and 201.
67
What is the highest common divisor of 559 and 52?
13
What is the highest common divisor of 24 and 384?
24
Calculate the highest common divisor of 1470 and 350.
70
Calculate the highest common factor of 4186 and 364.
182
Calculate the highest common factor of 25 and 335.
5
Calculate the greatest common divisor of 5484 and 84.
12
Calculate the greatest common divisor of 155 and 6789.
31
Calculate the greatest common divisor of 5 and 205.
5
What is the greatest common factor of 1625 and 26?
13
What is the highest common divisor of 12 and 18780?
12
Calculate the highest common factor of 136 and 1392.
8
Calculate the highest common factor of 105 and 49.
7
What is the highest common divisor of 174 and 754?
58
Calculate the greatest common factor of 99 and 27.
9
What is the greatest common factor of 21 and 861?
21
What is the greatest common factor of 318 and 6?
6
Calculate the greatest common divisor of 105 and 175.
35
What is the highest common divisor of 3542 and 616?
154
What is the greatest common factor of 81 and 44172?
27
What is the highest common factor of 33 and 111?
3
Calculate the highest common factor of 527 and 1085.
31
What is the greatest common factor of 869 and 22?
11
What is the greatest common divisor of 1 and 16?
1
Calculate the highest common factor of 6392 and 544.
136
What is the highest common factor of 30 and 110?
10
What is the highest common divisor of 37 and 4477?
37
Calculate the highest common divisor of 1274 and 1862.
98
What is the greatest common factor of 83 and 7?
1
Calculate the highest common factor of 245 and 315.
35
Calculate the greatest common factor of 36 and 180.
36
What is the highest common factor of 400 and 1184?
16
Calculate the highest common divisor of 273 and 13559.
91
Calculate the greatest common divisor of 78 and 246.
6
What is the highest common divisor of 39 and 988?
13
Calculate the highest common factor of 40 and 2515.
5
Calculate the highest common factor of 1107 and 205.
41
What is the highest common divisor of 1639 and 33?
11
What is the highest common factor of 840 and 80?
40
What is the highest common factor of 756 and 90?
18
What is the greatest common divisor of 2387 and 2821?
217
What is the highest common factor of 9 and 36?
9
Calculate the highest common divisor of 30 and 645.
15
Calculate the greatest common divisor of 1357 and 59.
59
Calculate the highest common factor of 12 and 348.
12
Calculate the greatest common divisor of 27 and 1755.
27
Calculate the greatest common factor of 144 and 54.
18
What is the greatest common divisor of 42 and 24?
6
What is the greatest common divisor of 272 and 17?
17
Calculate the greatest common divisor of 676 and 936.
52
What is the highest common divisor of 46 and 1058?
46
What is the greatest common factor of 5502 and 126?
42
What is the highest common factor of 1581 and 186?
93
What is the greatest common factor of 1484 and 28?
28
What is the highest common divisor of 5621 and 77?
77
What is the highest common divisor of 414 and 666?
18
Calculate the greatest common divisor of 20955 and 165.
165
What is the greatest common divisor of 98 and 49?
49
Calculate the highest common factor of 472 and 1770.
118
Calculate the highest common divisor of 105 and 18.
3
What is the greatest common divisor of 84 and 399?
21
What is the highest common divisor of 1073 and 29?
29
Calculate the highest common divisor of 10 and 1875.
5
Calculate the highest common factor of 403 and 13.
13
Calculate the greatest common divisor of 1144 and 440.
88
Calculate the highest common divisor of 11 and 209.
11
Calculate the greatest common factor of 1140 and 60.
60
Calculate the greatest common divisor of 36 and 41508.
36
Calculate the greatest common divisor of 7 and 73913.
7
What is the greatest common factor of 728 and 28?
28
Calculate the highest common divisor of 64 and 8.
8
What is the greatest common factor of 54 and 198?
18
What is the greatest common factor of 610 and 244?
122
What is the greatest common factor of 133 and 7?
7
Calculate the highest common factor of 120 and 1104.
24
What is the greatest common factor of 415 and 249?
83
Calculate the greatest common factor of 182 and 143.
13
Calculate the greatest common factor of 592 and 1036.
148
Calculate the highest common factor of 384 and 6016.
128
Calculate the greatest common factor of 113 and 226.
113
What is the greatest common divisor of 15750 and 84?
42
What is the highest common divisor of 6510 and 70?
70
Calculate the greatest common divisor of 133 and 19.
19
What is the greatest common divisor of 63 and 2163?
21
What is the highest common factor of 24 and 228?
12
What is the greatest common factor of 925 and 259?
37
What is the greatest common factor of 441 and 9?
9
What is the greatest common factor of 4194 and 144?
18
Calculate the highest common factor of 5 and 10.
5
Calculate the greatest common factor of 17 and 272.
17
What is the highest common factor of 5696 and 64?
64
What is the highest common divisor of 336 and 13062?
42
Calculate the greatest common factor of 7585 and 185.
185
Calculate the highest common divisor of 740 and 4480.
20
Calculate the highest c